.
98
What is the highest common factor of 88 and 621093?
11
What is the greatest common factor of 13 and 7707986?
13
Calculate the greatest common factor of 58 and 7173092.
58
Calculate the greatest common divisor of 1825364 and 366.
122
What is the greatest common divisor of 848 and 54624?
16
What is the greatest common divisor of 115419 and 237?
237
Calculate the greatest common factor of 6061 and 5423.
319
Calculate the highest common factor of 2016432 and 1672.
1672
What is the highest common divisor of 30144 and 3648?
192
What is the highest common divisor of 1405277 and 115?
23
Calculate the greatest common factor of 1800 and 8550.
450
Calculate the highest common divisor of 1072 and 6928.
16
What is the highest common factor of 174 and 1293?
3
Calculate the greatest common factor of 257 and 415826.
257
Calculate the greatest common factor of 127982 and 178.
178
Calculate the greatest common factor of 403475 and 25.
25
What is the highest common factor of 949 and 2977?
13
What is the highest common divisor of 55423 and 3192?
19
Calculate the highest common factor of 5133653 and 2051.
2051
Calculate the highest common divisor of 10316 and 56.
4
Calculate the highest common factor of 500763 and 213.
213
Calculate the highest common factor of 3375 and 1652400.
675
Calculate the greatest common factor of 393 and 63.
3
What is the greatest common divisor of 1003 and 4811?
17
What is the greatest common divisor of 1103919 and 181?
181
Calculate the greatest common divisor of 120908 and 905.
181
What is the greatest common factor of 12286 and 6?
2
What is the greatest common divisor of 23 and 15617?
23
Calculate the highest common factor of 3125448 and 3320.
664
What is the highest common factor of 334 and 1181525?
167
Calculate the highest common factor of 25 and 68065.
5
Calculate the greatest common factor of 1094877 and 567.
567
Calculate the greatest common factor of 61713 and 9.
9
Calculate the highest common factor of 6956101 and 41.
41
Calculate the greatest common factor of 63 and 7084.
7
Calculate the highest common divisor of 322624 and 32.
32
Calculate the highest common divisor of 210 and 19500.
30
What is the greatest common divisor of 291251 and 19?
19
What is the highest common factor of 57691 and 62?
31
Calculate the highest common factor of 42458 and 92.
46
Calculate the greatest common divisor of 2070456 and 12.
12
What is the highest common factor of 1414 and 1792?
14
What is the greatest common divisor of 71949 and 696?
87
What is the greatest common factor of 5088 and 13038?
318
What is the highest common divisor of 5175 and 9085?
115
What is the highest common divisor of 168504 and 136?
136
Calculate the greatest common factor of 177 and 4852809.
177
Calculate the greatest common factor of 996 and 23586.
6
Calculate the greatest common divisor of 256 and 1304736.
32
What is the greatest common divisor of 55 and 106469?
11
What is the greatest common divisor of 8019 and 229635?
729
Calculate the greatest common factor of 36186 and 834234.
978
What is the greatest common divisor of 73707 and 12440?
311
Calculate the greatest common factor of 3431 and 3212.
73
Calculate the highest common factor of 232 and 6467.
29
Calculate the highest common divisor of 5750 and 8375.
125
Calculate the highest common divisor of 4158058 and 892.
446
Calculate the greatest common factor of 132 and 48609.
33
Calculate the highest common divisor of 20 and 1172.
4
What is the highest common factor of 11200 and 63200?
800
Calculate the highest common divisor of 344988 and 888.
444
Calculate the highest common factor of 305 and 2745.
305
What is the greatest common factor of 6705 and 30465?
45
What is the highest common divisor of 19352 and 6888?
328
What is the highest common divisor of 113472 and 21473?
197
Calculate the greatest common factor of 971311 and 11.
11
What is the greatest common divisor of 10849604 and 17?
17
What is the highest common divisor of 2368 and 151848?
296
Calculate the highest common factor of 147 and 40530.
21
What is the highest common divisor of 34958 and 847?
77
Calculate the highest common factor of 167811 and 61.
61
What is the highest common factor of 23608 and 1768?
104
What is the greatest common factor of 1667250 and 5625?
1125
What is the greatest common factor of 404903 and 314?
157
Calculate the greatest common factor of 6837 and 20829.
159
Calculate the highest common divisor of 671 and 275.
11
Calculate the highest common factor of 134 and 1780592.
134
What is the greatest common factor of 9744 and 54752?
464
Calculate the highest common factor of 72 and 25872.
24
Calculate the greatest common divisor of 379 and 90581.
379
Calculate the highest common factor of 10366 and 2698.
142
Calculate the greatest common divisor of 208 and 14480.
16
What is the highest common divisor of 6 and 9868?
2
What is the greatest common divisor of 5831 and 1309?
119
What is the greatest common factor of 140 and 15505?
35
Calculate the highest common divisor of 5194 and 8183.
49
Calculate the highest common divisor of 5 and 346455.
5
What is the highest common factor of 39 and 221065?
13
Calculate the highest common factor of 557861 and 2.
1
Calculate the greatest common divisor of 245 and 133315.
35
What is the greatest common factor of 425 and 1751?
17
What is the highest common factor of 136 and 167144?
136
Calculate the highest common factor of 2013 and 73383.
183
What is the greatest common divisor of 8250 and 187?
11
What is the greatest common divisor of 236 and 1427092?
236
Calculate the greatest common factor of 819 and 7137.
117
Calculate the greatest common factor of 172164 and 42.
6
What is the highest common divisor of 256 and 573952?
256
What is the highest common factor of 2989881 and 9?
9
Calculate the highest common factor of 11316 and 146616.
492
What is the greatest common factor of 64258 and 70756?
722
What is the highest common divisor of 101696 and 10304?
448
What is the highest common divisor of 6470 and 1870?
10
Calculate the greatest common divisor of 153 and 365177.
17
What is the highest common factor of 100 and 130250?
50
What is the highest common divisor of 3328 and 2688?
128
What is the highest common factor of 28 and 503468?
28
Calculate the highest common factor of 24 and 89304.
24
Calculate the greatest common divisor of 2380649 and 274.
137
What is the highest common factor of 18584 and 1472?
184
What is the highest common factor of 1576972 and 7015?
1403
What is the highest common factor of 16 and 23948?
4
What is the highest common factor of 54 and 899937?
27
What is the highest common factor of 572761 and 49?
49
What is the greatest common factor of 2412681 and 388?
97
Calculate the greatest common factor of 2226 and 504.
42
What is the greatest common factor of 618 and 46659?
309
What is the greatest common factor of 44000 and 125?
125
Calculate the greatest common factor of 7216 and 63184.
176
What is the highest common divisor of 16470 and 60?
30
What is the greatest common divisor of 1348 and 164?
4
What is the greatest common divisor of 1764 and 16604?
28
Calculate the highest common factor of 248 and 931302.
62
Calculate the greatest common factor of 2331 and 23976.
333
What is the greatest common factor of 2546424 and 216?
216
What is the highest common factor of 3390 and 5370?
30
Calculate the highest common factor of 60766 and 92.
46
What is the greatest common factor of 203 and 780941?
203
What is the highest common factor of 145 and 43036?
29
Calculate the greatest common divisor of 682091 and 17.
17
Calculate the greatest common factor of 4210 and 50.
10
What is the highest common divisor of 184 and 19826?
46
Calculate the highest common factor of 139 and 274247.
139
Calculate the highest common divisor of 22320 and 434.
62
Calculate the greatest common divisor of 34532 and 873.
97
Calculate the greatest common factor of 12393 and 27.
27
Calculate the greatest common factor of 5161156 and 26.
26
What is the greatest common factor of 1999823 and 7630?
763
What is the highest common factor of 82 and 7390127?
41
What is the highest common divisor of 1479 and 30740?
29
What is the greatest common divisor of 2457 and 1662843?
273
Calculate the highest common divisor of 27 and 4